d by 19?
8
Calculate the remainder when 177 is divided by 60.
57
What is the remainder when 1910 is divided by 116?
54
What is the remainder when 50 is divided by 13?
11
Calculate the remainder when 542 is divided by 68.
66
What is the remainder when 636 is divided by 29?
27
What is the remainder when 47 is divided by 24?
23
Calculate the remainder when 1330 is divided by 36.
34
What is the remainder when 101 is divided by 50?
1
Calculate the remainder when 5319 is divided by 22.
17
Calculate the remainder when 119 is divided by 95.
24
What is the remainder when 2419 is divided by 44?
43
What is the remainder when 406 is divided by 12?
10
Calculate the remainder when 67 is divided by 5.
2
Calculate the remainder when 4420 is divided by 177.
172
Calculate the remainder when 13272 is divided by 13.
12
Calculate the remainder when 448 is divided by 17.
6
What is the remainder when 120 is divided by 61?
59
What is the remainder when 1635 is divided by 91?
88
Calculate the remainder when 348 is divided by 174.
0
Calculate the remainder when 5768 is divided by 175.
168
What is the remainder when 5926 is divided by 77?
74
Calculate the remainder when 1619 is divided by 30.
29
Calculate the remainder when 271 is divided by 66.
7
Calculate the remainder when 273 is divided by 35.
28
Calculate the remainder when 1483 is divided by 147.
13
What is the remainder when 316 is divided by 64?
60
Calculate the remainder when 2173 is divided by 145.
143
Calculate the remainder when 1954 is divided by 487.
6
Calculate the remainder when 50 is divided by 11.
6
Calculate the remainder when 614 is divided by 37.
22
Calculate the remainder when 21 is divided by 19.
2
What is the remainder when 13630 is divided by 55?
45
Calculate the remainder when 169 is divided by 38.
17
What is the remainder when 580 is divided by 31?
22
What is the remainder when 1598 is divided by 16?
14
What is the remainder when 73 is divided by 14?
3
Calculate the remainder when 363 is divided by 128.
107
Calculate the remainder when 2200 is divided by 19.
15
What is the remainder when 32 is divided by 23?
9
Calculate the remainder when 663 is divided by 47.
5
Calculate the remainder when 317 is divided by 53.
52
What is the remainder when 347 is divided by 9?
5
What is the remainder when 57 is divided by 33?
24
Calculate the remainder when 899 is divided by 12.
11
Calculate the remainder when 209 is divided by 135.
74
Calculate the remainder when 1818 is divided by 20.
18
What is the remainder when 59 is divided by 17?
8
Calculate the remainder when 450 is divided by 11.
10
What is the remainder when 251 is divided by 85?
81
What is the remainder when 29 is divided by 17?
12
What is the remainder when 852 is divided by 61?
59
Calculate the remainder when 241 is divided by 63.
52
What is the remainder when 1494 is divided by 114?
12
What is the remainder when 112 is divided by 32?
16
Calculate the remainder when 1687 is divided by 8.
7
Calculate the remainder when 445 is divided by 26.
3
Calculate the remainder when 1436 is divided by 31.
10
What is the remainder when 166 is divided by 21?
19
Calculate the remainder when 67 is divided by 25.
17
What is the remainder when 158 is divided by 53?
52
What is the remainder when 121 is divided by 5?
1
What is the remainder when 95 is divided by 30?
5
Calculate the remainder when 132 is divided by 48.
36
Calculate the remainder when 18 is divided by 7.
4
Calculate the remainder when 1308 is divided by 73.
67
Calculate the remainder when 391 is divided by 49.
48
Calculate the remainder when 803 is divided by 40.
3
What is the remainder when 705 is divided by 192?
129
Calculate the remainder when 53657 is divided by 66.
65
Calculate the remainder when 252 is divided by 69.
45
Calculate the remainder when 292 is divided by 45.
22
What is the remainder when 78 is divided by 1?
0
Calculate the remainder when 1857 is divided by 53.
2
What is the remainder when 111226 is divided by 46?
44
Calculate the remainder when 256 is divided by 30.
16
What is the remainder when 52 is divided by 27?
25
Calculate the remainder when 1882 is divided by 13.
10
What is the remainder when 1224 is divided by 612?
0
Calculate the remainder when 546 is divided by 47.
29
What is the remainder when 125 is divided by 21?
20
What is the remainder when 5709 is divided by 168?
165
Calculate the remainder when 1870 is divided by 24.
22
Calculate the remainder when 51 is divided by 30.
21
Calculate the remainder when 760 is divided by 687.
73
Calculate the remainder when 898 is divided by 75.
73
Calculate the remainder when 70 is divided by 24.
22
Calculate the remainder when 19 is divided by 8.
3
What is the remainder when 179 is divided by 39?
23
Calculate the remainder when 808 is divided by 178.
96
Calculate the remainder when 306 is divided by 31.
27
What is the remainder when 8978 is divided by 897?
8
Calculate the remainder when 683 is divided by 137.
135
Calculate the remainder when 417 is divided by 118.
63
Calculate the remainder when 225 is divided by 225.
0
Calculate the remainder when 291 is divided by 119.
53
Calculate the remainder when 268 is divided by 59.
32
What is the remainder when 20 is divided by 2?
0
What is the remainder when 77279 is divided by 210?
209
What is the remainder when 515 is divided by 74?
71
What is the remainder when 241 is divided by 138?
103
Calculate the remainder when 448 is divided by 18.
16
Calculate the remainder when 16693 is divided by 34.
33
Calculate the remainder when 138 is divided by 66.
6
What is the remainder when 169 is divided by 154?
15
What is the remainder when 3070 is divided by 180?
10
What is the remainder when 1658 is divided by 11?
8
Calculate the remainder when 623 is divided by 105.
98
Calculate the remainder when 248 is divided by 229.
19
What is the remainder when 568 is divided by 80?
8
Calculate the remainder when 79 is divided by 20.
19
Calculate the remainder when 143 is divided by 9.
8
Calculate the remainder when 1236 is divided by 412.
0
What is the remainder when 123 is divided by 12?
3
Calculate the remainder when 91 is divided by 33.
25
Calculate the remainder when 302 is divided by 9.
5
Calculate the remainder when 992 is divided by 13.
4
What is the remainder when 12091 is divided by 6042?
7
What is the remainder when 31652 is divided by 49?
47
Calculate the remainder when 4479 is divided by 65.
59
Calculate the remainder when 1050 is divided by 5.
0
What is the remainder when 1356 is divided by 91?
82
Calculate the remainder when 486 is divided by 45.
36
What is the remainder when 3814 is divided by 72?
70
What is the remainder when 984 is divided by 16?
8
Calculate the remainder when 842 is divided by 170.
162
What is the remainder when 394 is divided by 102?
88
What is the remainder when 79 is divided by 40?
39
Calculate the remainder when 163 is divided by 32.
3
What is the remainder when 376 is divided by 53?
5
Calculate the remainder when 87 is divided by 20.
7
Calculate the remainder when 130 is divided by 18.
4
What is the remainder when 544 is divided by 26?
24
Calculate the remainder when 395 is divided by 131.
2
What is the remainder when 1986 is divided by 51?
48
Calculate the remainder when 110 is divided by 23.
18
What is the remainder when 402 is divided by 101?
99
Calculate the remainder when 3727 is divided by 113.
111
What is the remainder when 33 is divided by 14?
5
Calculate the remainder when 172 is divided by 7.
4
What is the remainder when 5345 is divided by 21?
11
What is the remainder when 118 is divided by 32?
22
What is the remainder when 102 is divided by 26?
24
What is the remainder when 1895 is divided by 119?
110
What is the remainder when 42 is divided by 26?
16
Calculate the remainder when 12357 is divided by 10.
7
Calculate the remainder when 1489 is divided by 9.
4
What is the remainder when 330 is divided by 122?
86
Calculate the remainder when 3486 is divided by 204.
18
What is the remainder when 2367 is divided by 33?
24
Calculate the remainder when 1822 is divided by 30.
22
Calculate the remainder when 6913 is divided by 133.
130
What is the remainder when 1213 is divided by 135?
133
What is the remainder when 3839 is divided by 30?
29
What is the remainder wh